{"id":2724,"date":"2017-09-11T13:08:06","date_gmt":"2017-09-11T17:08:06","guid":{"rendered":"http:\/\/demo.themesuite.com\/automotive-wp\/?page_id=156"},"modified":"2019-11-19T18:05:34","modified_gmt":"2019-11-19T15:05:34","slug":"iletisim","status":"publish","type":"page","link":"https:\/\/www.askale.com.tr\/suzuki-askale\/iletisim\/","title":{"rendered":"\u0130leti\u015fim"},"content":{"rendered":"<p>[vc_row el_class=&#8221;margin-bottom-none padding-bottom-40&#8243;][vc_column][vc_column_text]<\/p>\n<h3>HAR\u0130TADA ASKALE<\/h3>\n<p>[\/vc_column_text][vc_column_text]<iframe loading=\"lazy\" style=\"border: 0;\" src=\"https:\/\/www.google.com\/maps\/embed?pb=!1m18!1m12!1m3!1d3010.944962154509!2d28.681520514825728!3d41.00457782760247!2m3!1f0!2f0!3f0!3m2!1i1024!2i768!4f13.1!3m3!1m2!1s0x14caa1f5197ce909%3A0x2c126b515b1de7d8!2sSuzuki%20Askale!5e0!3m2!1str!2str!4v1568187192185!5m2!1str!2str\" width=\"100%\" height=\"333\" frameborder=\"0\" allowfullscreen=\"allowfullscreen\"><\/iframe>[\/vc_column_text][\/vc_column][\/vc_row][vc_row el_class=&#8221;margin-bottom-none margin-top-30&#8243;][vc_column width=&#8221;1\/2&#8243; el_class=&#8221;margin-bottom-40&#8243;][vc_column_text]<\/p>\n<h3>\u0130LET\u0130\u015e\u0130M B\u0130LG\u0130LER\u0130<\/h3>\n<p>[\/vc_column_text]<div\r\n\tclass=\"address clearfix margin-right-25 padding-bottom-40 \">\r\n\t<div class=\"icon_address\">\r\n\t\t<p><i class=\"fa fa-map-marker\"><\/i><strong>Adres:<\/strong><\/p>\r\n\t<\/div>\r\n\t<div class=\"contact_address\">\r\n\t\t<p class=\"margin-bottom-none\">ASKALE OTOMOT\u0130V<br>\t\t\tASKALE PLAZA E-5 \u00dcZER\u0130 HARAM\u0130DERE AVCILAR\/\u0130STANBUL<\/p>\r\n\t<\/div>\r\n<\/div>\r\n<div class=\"address clearfix address_details margin-right-25 padding-bottom-40\">\r\n\t<ul class=\"margin-bottom-none\">\r\n\t\t<li><i class=\"fa fa-phone\"><\/i><strong>Telefon No:<\/strong> <span><a href=\"tel:02126902828\">0 212 690 28 28<\/a><\/span><\/li>\t\t\t\t<li><i class=\"fa fa-envelope-o\"><\/i><strong>Eposta:<\/strong> <a href=\"mailto:suzuki@askale.com.tr\">suzuki@askale.com.tr<\/a><\/li>\t\t<li class=\"padding-bottom-none\"><i class=\"fa fa-laptop\"><\/i><strong>Web:<\/strong> <a href=\"www.askale.com.tr\">www.askale.com.tr<\/a><\/li>\t<\/ul>\r\n<\/div>\r\n\r\n<div class=\"clearfix\"><\/div>[\/vc_column][vc_column width=&#8221;1\/2&#8243;][vc_column_text]<\/p>\n<h3>\u0130LET\u0130\u015e\u0130M FORMU<\/h3>\n<p>[\/vc_column_text]<div role=\"form\" class=\"wpcf7\" id=\"wpcf7-f3216-o1\" lang=\"tr-TR\" dir=\"ltr\">\n<div class=\"screen-reader-response\"><\/div>\n<form action=\"\/suzuki-askale\/wp-json\/wp\/v2\/pages\/2724#wpcf7-f3216-o1\" method=\"post\" class=\"wpcf7-form\" novalidate=\"novalidate\">\n<div style=\"display: none;\">\n<input type=\"hidden\" name=\"_wpcf7\" value=\"3216\" \/>\n<input type=\"hidden\" name=\"_wpcf7_version\" value=\"5.1.4\" \/>\n<input type=\"hidden\" name=\"_wpcf7_locale\" value=\"tr_TR\" \/>\n<input type=\"hidden\" name=\"_wpcf7_unit_tag\" value=\"wpcf7-f3216-o1\" \/>\n<input type=\"hidden\" name=\"_wpcf7_container_post\" value=\"0\" \/>\n<\/div>\n<fieldset id=\"contact_form\" class=\"form_contact \">\n<span class=\"wpcf7-form-control-wrap isim\"><input type=\"text\" name=\"isim\" value=\"\" size=\"40\" class=\"wpcf7-form-control wpcf7-text wpcf7-validates-as-required\" aria-required=\"true\" aria-invalid=\"false\" placeholder=\"&nbsp;&nbsp; &nbsp;Ad\u0131n\u0131z Soyad\u0131n\u0131z\" \/><\/span><br \/>\n<span class=\"wpcf7-form-control-wrap eposta\"><input type=\"email\" name=\"eposta\" value=\"\" size=\"40\" class=\"wpcf7-form-control wpcf7-text wpcf7-email wpcf7-validates-as-required wpcf7-validates-as-email\" aria-required=\"true\" aria-invalid=\"false\" placeholder=\"&nbsp;&nbsp; &nbsp;Eposta Adresiniz\" \/><\/span><br \/>\n<span class=\"wpcf7-form-control-wrap telefon\"><input type=\"text\" name=\"telefon\" value=\"\" size=\"40\" class=\"wpcf7-form-control wpcf7-text wpcf7-validates-as-required\" aria-required=\"true\" aria-invalid=\"false\" placeholder=\"&nbsp;&nbsp; &nbsp;Telefon Numaran\u0131z\" \/><\/span><br \/>\n<span class=\"wpcf7-form-control-wrap mesaj\"><textarea name=\"mesaj\" cols=\"40\" rows=\"10\" class=\"wpcf7-form-control wpcf7-textarea wpcf7-validates-as-required\" aria-required=\"true\" aria-invalid=\"false\" placeholder=\"&nbsp;&nbsp; &nbsp;Mesaj\u0131n\u0131z\"><\/textarea><\/span><br \/>\n<span class=\"wpcf7-form-control-wrap gdpr\"><span class=\"wpcf7-form-control wpcf7-checkbox\"><span class=\"wpcf7-list-item first last\"><input type=\"checkbox\" name=\"gdpr[]\" value=\"ASKALE OTOMOT\u0130V in payla\u015fm\u0131\u015f oldu\u011fum ileti\u015fim bilgilerimle \u00f6zel kampanyalar i\u00e7in ileti g\u00f6ndermesini kabul ediyorum.\" \/><span class=\"wpcf7-list-item-label\">ASKALE OTOMOT\u0130V in payla\u015fm\u0131\u015f oldu\u011fum ileti\u015fim bilgilerimle \u00f6zel kampanyalar i\u00e7in ileti g\u00f6ndermesini kabul ediyorum.<\/span><\/span><\/span><\/span><\/p>\n<p><input id=\"submit_btn\" class=\"submit_contact_form\" type=\"submit\" value=\" G\u00d6NDER \"><br \/>\n<\/fieldset>\n<div class=\"wpcf7-response-output wpcf7-display-none\"><\/div><\/form><\/div>[\/vc_column][\/vc_row]<\/p>\n","protected":false},"excerpt":{"rendered":"<p>[vc_row el_class=&#8221;margin-bottom-none padding-bottom-40&#8243;][vc_column][vc_column_text]<\/p>\n<p> HAR\u0130TADA ASKALE <\/p>\n<p>[\/vc_column_text][vc_column_text][\/vc_column_text][\/vc_column][\/vc_row][vc_row el_class=&#8221;margin-bottom-none margin-top-30&#8243;][vc_column width=&#8221;1\/2&#8243; el_class=&#8221;margin-bottom-40&#8243;][vc_column_text]<\/p>\n<p> \u0130LET\u0130\u015e\u0130M B\u0130LG\u0130LER\u0130 <\/p>\n<p>[\/vc_column_text][\/vc_column][vc_column width=&#8221;1\/2&#8243;][vc_column_text]<\/p>\n<p> \u0130LET\u0130\u015e\u0130M FORMU <\/p>\n<p>[\/vc_column_text][\/vc_column][\/vc_row]<\/p>\n","protected":false},"author":1,"featured_media":0,"parent":0,"menu_order":0,"comment_status":"closed","ping_status":"closed","template":"","meta":{"footnotes":""},"_links":{"self":[{"href":"https:\/\/www.askale.com.tr\/suzuki-askale\/wp-json\/wp\/v2\/pages\/2724"}],"collection":[{"href":"https:\/\/www.askale.com.tr\/suzuki-askale\/wp-json\/wp\/v2\/pages"}],"about":[{"href":"https:\/\/www.askale.com.tr\/suzuki-askale\/wp-json\/wp\/v2\/types\/page"}],"author":[{"embeddable":true,"href":"https:\/\/www.askale.com.tr\/suzuki-askale\/wp-json\/wp\/v2\/users\/1"}],"replies":[{"embeddable":true,"href":"https:\/\/www.askale.com.tr\/suzuki-askale\/wp-json\/wp\/v2\/comments?post=2724"}],"version-history":[{"count":10,"href":"https:\/\/www.askale.com.tr\/suzuki-askale\/wp-json\/wp\/v2\/pages\/2724\/revisions"}],"predecessor-version":[{"id":3380,"href":"https:\/\/www.askale.com.tr\/suzuki-askale\/wp-json\/wp\/v2\/pages\/2724\/revisions\/3380"}],"wp:attachment":[{"href":"https:\/\/www.askale.com.tr\/suzuki-askale\/wp-json\/wp\/v2\/media?parent=2724"}],"curies":[{"name":"wp","href":"https:\/\/api.w.org\/{rel}","templated":true}]}}