{"id":3412,"date":"2019-11-20T13:29:24","date_gmt":"2019-11-20T10:29:24","guid":{"rendered":"https:\/\/www.askale.com.tr\/suzuki-askale\/?page_id=3412"},"modified":"2019-11-20T13:29:24","modified_gmt":"2019-11-20T10:29:24","slug":"ultra-kasko","status":"publish","type":"page","link":"https:\/\/www.askale.com.tr\/suzuki-askale\/ultra-kasko\/","title":{"rendered":"ULTRA KASKO"},"content":{"rendered":"<p>&nbsp;<\/p>\n<div class=\"row\">\n<div class=\"col-12 text-center\">\n<h1 class=\"font-36\">SUZUKI&#8217;DEN KASKO G\u00dcVENCES\u0130<\/h1>\n<\/div>\n<\/div>\n<div class=\"row mt-3\">\n<div class=\"col-lg-8 order-lg-1 order-2 mt-lg-0 mt-3\">\n<p class=\"mt-3\">Suzuki; sigorta acentesi ve yetkili servis hizmetini tek noktadan sunan Suzuki Marka Kasko faaliyetini ULTRAKASKO ad\u0131 alt\u0131nda hayata ge\u00e7irerek, Suzuki sahipleri ve ara\u00e7lar\u0131n\u0131 g\u00fcvence alt\u0131na al\u0131yor. Suzuki sahiplerine \u00f6zel geli\u015ftirilen ULTRAKASKO ile hasar durumunda Suzuki ara\u00e7lar y\u00fcksek teknolojik donan\u0131ml\u0131 Suzuki Yetkili Servislerinde, profesyonel bir ekip ve orijinal yedek par\u00e7a kullan\u0131larak g\u00fcvenilir bir \u015fekilde onar\u0131labilecek. Bu kapsamda herhangi bir HDI Sigorta acentesinden 10 ya\u015f alt\u0131ndaki bir Suzuki ara\u00e7 i\u00e7in poli\u00e7e d\u00fczenlenmesi durumunda, ara\u00e7 ULTRAKASKO kapsam\u0131nda de\u011ferlendirilebilecektir.<\/p>\n<p class=\"mt-3\"><b>Neden Suzuki ULTRAKASKO?<\/b><br \/>\n\u2714 ULTRAKASKO kapsam\u0131ndaki t\u00fcm Suzuki ara\u00e7lar\u0131n hasar i\u015flemleri Suzuki Yetkili Servislerinde e\u011fitimli ve sertifikal\u0131 teknisyenler taraf\u0131ndan yap\u0131lacakt\u0131r.<br \/>\n\u2714 Orijinal yedek par\u00e7a, son teknoloji ekipmanlar ve kaliteli kaporta\/boya i\u015f\u00e7ili\u011fi kullan\u0131larak onar\u0131lan arac\u0131n garantisi korunmu\u015f olur.<br \/>\n\u2714 Geli\u015fmi\u015f onar\u0131m teknikleri ile onar\u0131lan arac\u0131n 2.el de\u011feri artar.<br \/>\n\u2714 Suzuki ULTRAKASKO anla\u015fmas\u0131 olan Suzuki Yetkili Servislerinde hasar eksiksiz kar\u015f\u0131lan\u0131r. (Oysaki anla\u015fmas\u0131 olmayan servislerde hasar tazminat\u0131n\u0131n % 30\u2019luk k\u0131sm\u0131na kadar bir b\u00f6l\u00fcm\u00fc sigortal\u0131 taraf\u0131ndan \u00f6denir.)<br \/>\n\u2714 Hasar an\u0131nda belirli ara\u00e7 modelleri i\u00e7in 7+7 veya 15+15 g\u00fcn bedelsiz ikame ara\u00e7 hizmeti verilecektir. Herhangi bir mekanik ar\u0131zadan dolay\u0131 yolda kal\u0131nmas\u0131 halinde 5 g\u00fcne kadar bedelsiz ikame ara\u00e7 hizmeti verilecektir<br \/>\n\u2714 5 ya\u015f\u0131na kadar olan Suzuki ara\u00e7lar\u0131n cam hasar\u0131, orijinal par\u00e7a de\u011fi\u015fimi ile Suzuki Yetkili Servis g\u00fcvencesiyle ger\u00e7ekle\u015ftirilecektir.<br \/>\n\u2714 Suzuki Yetkili Servisi\u2019nin \u015fu an i\u00e7in bulunmad\u0131\u011f\u0131 \u015fehirlerde, hasarl\u0131 ara\u00e7 en yak\u0131n \u015fehirdeki Suzuki yetkili servise \u00fccretsiz olarak sevk edilecektir.<\/p>\n<\/div>\n<\/div>\n","protected":false},"excerpt":{"rendered":"<p>&nbsp;<\/p>\n<p> SUZUKI&#8217;DEN KASKO G\u00dcVENCES\u0130 <\/p>\n<p class=\"mt-3\">Suzuki; sigorta acentesi ve yetkili servis hizmetini tek noktadan sunan Suzuki Marka Kasko faaliyetini ULTRAKASKO ad\u0131 alt\u0131nda hayata ge\u00e7irerek, Suzuki sahipleri ve ara\u00e7lar\u0131n\u0131 g\u00fcvence alt\u0131na al\u0131yor. Suzuki sahiplerine \u00f6zel geli\u015ftirilen ULTRAKASKO ile hasar durumunda Suzuki ara\u00e7lar y\u00fcksek teknolojik donan\u0131ml\u0131 Suzuki Yetkili Servislerinde, profesyonel bir ekip ve orijinal yedek par\u00e7a kullan\u0131larak g\u00fcvenilir bir \u015fekilde onar\u0131labilecek. Bu kapsamda herhangi bir HDI Sigorta acentesinden 10 ya\u015f alt\u0131ndaki bir Suzuki ara\u00e7 i\u00e7in poli\u00e7e d\u00fczenlenmesi durumunda, ara\u00e7 ULTRAKASKO kapsam\u0131nda de\u011ferlendirilebilecektir.<\/p>\n<p class=\"mt-3\"><b>Neden Suzuki ULTRAKASKO?<\/b><br \/> \u2714 ULTRAKASKO kapsam\u0131ndaki t\u00fcm Suzuki ara\u00e7lar\u0131n hasar i\u015flemleri Suzuki Yetkili Servislerinde e\u011fitimli ve sertifikal\u0131 teknisyenler taraf\u0131ndan yap\u0131lacakt\u0131r.<br \/> \u2714 Orijinal yedek par\u00e7a, son teknoloji ekipmanlar ve kaliteli kaporta\/boya i\u015f\u00e7ili\u011fi kullan\u0131larak onar\u0131lan arac\u0131n garantisi korunmu\u015f olur.<br \/> \u2714 Geli\u015fmi\u015f onar\u0131m teknikleri ile onar\u0131lan arac\u0131n 2.el de\u011feri artar.<br \/> \u2714 Suzuki ULTRAKASKO anla\u015fmas\u0131 olan Suzuki Yetkili Servislerinde hasar eksiksiz kar\u015f\u0131lan\u0131r. (Oysaki anla\u015fmas\u0131 olmayan servislerde hasar tazminat\u0131n\u0131n % 30\u2019luk k\u0131sm\u0131na kadar bir b\u00f6l\u00fcm\u00fc [&#8230;]<\/p>\n","protected":false},"author":1,"featured_media":0,"parent":0,"menu_order":0,"comment_status":"closed","ping_status":"closed","template":"","meta":{"footnotes":""},"_links":{"self":[{"href":"https:\/\/www.askale.com.tr\/suzuki-askale\/wp-json\/wp\/v2\/pages\/3412"}],"collection":[{"href":"https:\/\/www.askale.com.tr\/suzuki-askale\/wp-json\/wp\/v2\/pages"}],"about":[{"href":"https:\/\/www.askale.com.tr\/suzuki-askale\/wp-json\/wp\/v2\/types\/page"}],"author":[{"embeddable":true,"href":"https:\/\/www.askale.com.tr\/suzuki-askale\/wp-json\/wp\/v2\/users\/1"}],"replies":[{"embeddable":true,"href":"https:\/\/www.askale.com.tr\/suzuki-askale\/wp-json\/wp\/v2\/comments?post=3412"}],"version-history":[{"count":1,"href":"https:\/\/www.askale.com.tr\/suzuki-askale\/wp-json\/wp\/v2\/pages\/3412\/revisions"}],"predecessor-version":[{"id":3413,"href":"https:\/\/www.askale.com.tr\/suzuki-askale\/wp-json\/wp\/v2\/pages\/3412\/revisions\/3413"}],"wp:attachment":[{"href":"https:\/\/www.askale.com.tr\/suzuki-askale\/wp-json\/wp\/v2\/media?parent=3412"}],"curies":[{"name":"wp","href":"https:\/\/api.w.org\/{rel}","templated":true}]}}